q be 1/(-2*2/20). What is the units digit of m(q)?
2
Let c(x) = 7*x**2 + 5*x - 1. What is the units digit of c(-4)?
1
Let f be (-1)/(-3) - (-4)/6. What is the units digit of 5*(-3 + f)/(-2)?
5
Suppose b + 42 = -3*b - 3*h, 4*b - 2*h + 52 = 0. Let c = b - -21. Suppose 5*y - m - c = 18, -26 = -4*y + 3*m. What is the units digit of y?
5
Suppose -3*s + 15 = -2*c, -28 = 5*c + 4*s - 2*s. Let l be (-22)/c - (-14)/(-21). Suppose a - 4*t = 13, 0*t - l*t = a + 8. What is the units digit of a?
1
Suppose -7*u + 11*u - 16 = 0. Let t = -1 + u. What is the units digit of t?
3
Suppose 3*x + 26 = v, -4*x + 19 = v - 0*v. Suppose d - v = -3*a - d, a + 2*d - 5 = 0. What is the units digit of a?
9
Let j(l) = -l**3 - 3*l**2 + 3*l. Let w be j(-3). Let h(y) = y**3 - 6*y**2 - 9*y - 1. Let n be h(7). Let i = w - n. What is the units digit of i?
6
Let z = 1 - 7. Suppose o + o + 4 = 0. What is the units digit of 3/(0 + z)*o?
1
Suppose 3*l + 2*o = 485, 4*o - 145 = -3*l + 2*l. What is the units digit of l?
5
Let c be 10*(2 + 1/(-1)). Let s = 19 - 1. Suppose -3*l + c = -2*u - s, 8 = -4*u. What is the units digit of l?
8
Let v(h) be the third derivative of h**5/30 + h**4/24 + h**2. Let w be v(-1). What is the units digit of ((-28)/8)/(w/(-2))?
7
Let x(a) = a**3 + a**2 - 2*a. Let j be -2 + 0 + -1 - -1. Let g be x(j). Suppose 4*r + 0*r - 12 = g. What is the units digit of r?
3
Let l = 39 + -27. Let q = 8 - l. Let t = 8 + q. What is the units digit of t?
4
What is the hundreds digit of 7483/63 + -1 + 4/18?
1
Let g = 48 + -27. What is the units digit of ((-217)/g)/((-1)/3)?
1
Suppose -d + 5*j = -4*d - 32, 2*j - 16 = 2*d. Let k(a) = a**3 + 10*a**2 + 6*a - 11. What is the tens digit of k(d)?
1
Suppose 0 = -3*o - 2*k + 8, 32 = 2*o - 3*k - k. What is the units digit of o?
6
Let p = 15 - -19. What is the tens digit of p?
3
Let o = 14 - 3. What is the units digit of o?
1
Suppose 0 = -2*y - y - 60. Let x = y + 32. What is the units digit of x?
2
Let u be ((-12)/(-20))/(1/5). What is the tens digit of -3 + 0 + u - -15?
1
Suppose u - 6*u - 175 = 0. What is the units digit of 10/4*(-56)/u?
4
Let y = -8 + 2. Let t = -7 - y. What is the units digit of (t - -4) + 70/5?
7
Suppose 0*s - 3*s - 3*m = 3, -3 = -3*s - m. Let c = s - 1. What is the units digit of c?
1
Suppose 4*z = -z + 25. What is the units digit of z?
5
Let t(u) = 2*u + 1. Let f = 1 - -2. What is the units digit of t(f)?
7
Let t be 32/(-40)*(-10)/4. Suppose 3*h - 9 = 0, 0 = 4*s - t*h - 0*h - 194. What is the units digit of s?
0
Let s = 44 + 242. What is the tens digit of s?
8
Let k(m) = m**3 - 7*m**2 + 15*m + 3. What is the units digit of k(8)?
7
Suppose -y - 12 = 4*c, -4*y - c + 8 = -19. Suppose w - y = -0*w. What is the units digit of w?
8
Let o(z) = 42*z + 7. Let y(i) = -43*i - 8. Let s(x) = 6*o(x) + 5*y(x). What is the units digit of s(1)?
9
Let u = 3 - 7. Let p be (-12 - u)/(1*-2). Suppose -4*k = 12, 0*t + 8 = -4*t - p*k. What is the units digit of t?
1
Suppose 0*t = 3*t - 6. Suppose 0*c = t*c + 16. Let z = c + 21. What is the units digit of z?
3
Let l(x) = 23*x + 23. What is the tens digit of l(8)?
0
Let z(t) = t + 15. What is the units digit of z(-11)?
4
Suppose 5*i - 2*i = 9. Suppose 5*j = 5*c - 60, 3*j - 8 = -i*c - 2. Suppose 2*k + 34 = 4*x, -3*k + 35 = 5*x - c*k. What is the units digit of x?
1
Let c = 206 - 140. What is the units digit of c?
6
Let t(f) = -f**2 - 10*f + 4. What is the tens digit of t(-8)?
2
Let h(f) = -5*f**3 + 13*f**2 + 11*f - 2. Let d(w) = 6*w**3 - 14*w**2 - 12*w + 1. Let c(v) = -6*d(v) - 7*h(v). Let k = 11 - 17. What is the units digit of c(k)?
2
Let s = 337 + -110. What is the tens digit of s?
2
Let i be -4*(0 + (-27)/(-12)). Let z = -6 - i. What is the units digit of z?
3
Let d(z) = -46*z - 2. Suppose 0 = -4*p - 0 - 4. What is the units digit of d(p)?
4
Let h(b) = -b**2 + 8*b + 12. Let x be h(9). Suppose -2*g + v = x*v - 42, 111 = 5*g + 2*v. What is the tens digit of g?
2
Let r(t) = t**3 - 5*t**2 + 2*t - 5. Let f(q) = q**3 + q**2 + q + 1. Let z(o) = 2*f(o) + r(o). What is the tens digit of z(2)?
1
Let j = 316 - 192. What is the units digit of j?
4
Let y(r) be the second derivative of r**4/12 - r**3 - r**2 + 2*r. Let q be y(7). Let a = 7 - q. What is the units digit of a?
2
Suppose -1 - 5 = -y. Suppose 0 = 3*m - 5*p - 38, -4*p = 4*m - 2*p - 16. What is the units digit of 52/m + 2/y?
9
Let j = 155 - 73. What is the units digit of j?
2
Suppose -5*z = -z - 8. Suppose 1 = 3*w - z. Let v = w + 0. What is the units digit of v?
1
Suppose t + j - 6 = -4, 0 = -3*j + 12. Let h(x) = -5*x + 1. What is the units digit of h(t)?
1
What is the units digit of (0 + (-18)/(-5))*(-100)/(-6)?
0
Suppose 5*i = 3*l + 26, 2*i - 3 - 9 = 2*l. What is the units digit of -6 - -12 - (-1 - l)?
5
Let q = -8 + 14. What is the tens digit of (3/(-6))/(q/(-144))?
1
Let a(s) = s**3 - 8*s**2 + s + 11. What is the tens digit of a(8)?
1
Let h(d) = -d**3 - 10*d**2 - 7*d + 14. What is the units digit of h(-10)?
4
Let x(o) = -o - 7. What is the units digit of x(-10)?
3
Suppose 3*c - 7*c = -36. Suppose -6*l = -c*l + 12. What is the units digit of l?
4
Suppose -4*x + 104 = -2*x. What is the units digit of x?
2
Suppose -6*o + 88 = -2*o. What is the tens digit of (-2)/((6/o)/(-3))?
2
Suppose 4*n = 8*n - 4. Let r = n + -2. Let y = 6 - r. What is the units digit of y?
7
Suppose 5*n = 5*q, 2*n = 3*n + 2*q - 6. Let m(b) = b + 9. Let u be m(-5). Suppose -2*z = -u*s - 38, -46 = -z - 3*z - n*s. What is the units digit of z?
3
Let f(d) be the third derivative of -3*d**2 - 2/3*d**3 + 1/12*d**4 + 0 + 0*d - 1/120*d**6 + 1/12*d**5. What is the units digit of f(5)?
6
Let k = -43 - -68. What is the tens digit of k?
2
Suppose 4*q + 2*d - 432 = -2*d, 4*q = -3*d + 435. What is the hundreds digit of q?
1
Let g be (-3 + 3)*1/(-2). What is the units digit of (-23)/((1 - g) + -2)?
3
Let b(s) = 14*s - 32. What is the units digit of b(9)?
4
Suppose -4*w + 183 + 45 = 0. What is the tens digit of w?
5
Suppose -f = -2*r + 110, -2*f = r + 2*f - 73. What is the units digit of r?
7
Suppose -2*p = -4*r + 8, -2*p + 5*r - 9 = 1. What is the tens digit of p + 3/(-6)*-34?
1
Let u = 19 + -38. Let s = u + 21. What is the units digit of s?
2
Suppose -4*v - 4*h = -20, h = 5*v - 5 - 2. Suppose -v*j - 7 = 5*t, 4*j + 3*t - 7*t = 56. Suppose -j = -2*u + 5. What is the units digit of u?
7
Let s(d) be the first derivative of -3*d**2 - d + 4. What is the tens digit of s(-3)?
1
Let k(t) = t**3 + 7*t**2 - 9*t - 4. Let g be k(-8). Suppose g*i - 7*i = -18. What is the units digit of i?
6
What is the units digit of (2/8)/((-4)/(-32))?
2
Let y be (2/5)/(3/30). Let k be 26/((-5)/((-50)/y)). Suppose -k = -4*d - 9. What is the tens digit of d?
1
Let i be 5*(7/(-5) - -2). Let b(k) = 2*k + 2. Let x be b(0). Suppose 0*u = i*u - x*r - 24, 5*u - 3*r = 41. What is the units digit of u?
0
Let c be (-13)/(2 - 3/2). Suppose -v = -3*v - 32. What is the units digit of c/(-8) - (-4)/v?
3
Let c = -5 - -4. Let k be 3/(-9)*(c - 8). Suppose -2*y + k*o = -25, 7 = 2*y + 2*o + o. What is the units digit of y?
8
Let n be 4/14 + (-1413)/21. Let y = -35 - n. What is the tens digit of y?
3
Let u be 10*(-5)/(75/12). What is the units digit of u/(-12)*51/2?
7
Let w = 222 + -118. What is the hundreds digit of w?
1
Let g(l) = l**3 + 7*l**2 - 10*l - 11. Suppose 4*m = -3*v - 4, -3*v + 2*m = -v + 26. Let p be g(v). Suppose -p*z + 3 = -12. What is the units digit of z?
3
Let s = -12 + 15. What is the tens digit of ((-22)/s)/(2/(-3))?
1
Suppose -p + 6*a - 2 = 2*a, 4*p - 20 = 2*a. What is the units digit of p?
6
Suppose 5*a = a + 8. Suppose -a*i = -0*i - 28. What is the units digit of i?
4
Let h be (-1 - 8/(-6))*9. Let i(o) = 3*o + 6 + o - h*o. What is the units digit of i(-5)?
1
Let n be 2 + (4*2)/(-1). Let u = -4 - n. What is the units digit of u?
2
Suppose -4*w + 2*v = -2 + 6, 5*w - 21 = -4*v. Let p = 15 - w. What is the units digit of p?
4
Let q = 4 + -2. What is the units digit of q/3 - 128/(-6)?
2
Let o be (-5)/(-15) + (-338)/6. Let k = -34 - o. What is the units digit of k?
2
Suppose -2*a = 8, 5*j = a + 132 + 117. What is the tens digit of j?
4
Let a = -82 + 151. What is the units digit of a?
9
Let m = 9 - -3. Let c = m + -7. Suppose -c*a + 40 = -2*i, 4*a - 3*a + 4*i = -14. What is the units digit of a?
6
Suppose 248 = l